, 37
Let q be (16/(-12))/((-10)/(-15)). Let d be q + -123*(1 + -2). List the prime factors of (5 - 6)/((-1)/d).
11
Let t(u) = -451*u + 6816. List the prime factors of t(-54).
2, 3, 5, 1039
Let n = 1584 - -909. Suppose 3*x + 2473 = 4*y, x = -10*y + 6*y + n. What are the prime factors of y?
2, 311
List the prime factors of (1 + 235/(-25) - -8) + (-34084)/(-10).
2, 3, 71
Let k = 6451 - -2632. List the prime factors of k.
31, 293
Suppose 5*l - 4*r - 18 - 208 = 0, -3*r = 5*l - 233. Let k = -10 + 15. Suppose -3*n - 5*u = -96 - l, -2*n = -k*u - 103. List the prime factors of n.
7
Suppose -24 = -3*o + o. Suppose -7*w - 20 = -o*w. Suppose -867 = -5*h + f, 5*h = w*f - f + 861. What are the prime factors of h?
2, 3, 29
Let k(j) = 3836*j + 1150. List the prime factors of k(7).
2, 3, 13, 359
Suppose 151 = p + 3*x, 5*p - 3*x - 460 = 223. List the prime factors of p.
139
Suppose -8 = -6*j + 4*j. Suppose -6*c + c + 45 = -j*q, 3*c = -q + 10. Suppose c*p + w = 778, 3*w - 634 = -4*p + 8*w. What are the prime factors of p?
2, 3, 13
Let z(p) = -p. Let u be z(-2). Let n(j) = 5 - 7*j - j**3 - 25*j**2 + 33*j**u + 9. List the prime factors of n(5).
2, 3
Suppose 0 = -5*t + 4*w + 26908, -7*t + 21551 = -3*t + 5*w. List the prime factors of t.
2, 673
Let k be (-5982)/(-8) + 12/48. Let h = 1122 - k. List the prime factors of h.
2, 11, 17
Let n = 4890 + -4716. What are the prime factors of n?
2, 3, 29
Let i(o) = -o**3 - 3*o**2 + 2*o. Let k be i(-3). Let x be (k/14 + (-135)/(-21))/2. Suppose -x*a + 264 = 12. List the prime factors of a.
2, 3, 7
Suppose 2 = v - 0*v. Let w be 378/147*14/v. What are the prime factors of (w/(-5))/((-58)/(-20) + -3)?
2, 3
Let p(d) = d - 28. Let v be p(-14). Let t be (-4 + -2)/(-3) - v. Suppose -i - 120 = -3*a, -3*a + t = 4*i - 91. What are the prime factors of a?
41
Let j(n) = -2*n + 45. Let a be j(20). Let p(s) = 4*s**3 - 3*s**2 - 3*s - 19. List the prime factors of p(a).
17, 23
Let g(y) = 4*y**2 + 24*y + 4. Let a be g(-12). Suppose 0 = -5*s + 1317 - a. What are the prime factors of s?
5, 41
Suppose -203 = 13*u + 167497. What are the prime factors of (-1 - -4)*u/(-45)?
2, 5, 43
Let w = -8792 - -12569. What are the prime factors of w?
3, 1259
Suppose -4*m + 24 = -16. Let z be 20/25*m/4. List the prime factors of z/3 + (-592)/(-12).
2, 5
Let d be (3 + -5)*(-10)/5. Suppose 2*x + 4*q + 10 = 4*x, -d*q = x + 1. Suppose i = -3*i - x*r + 84, 3*i + 5*r - 63 = 0. What are the prime factors of i?
3, 7
What are the prime factors of 3/(252/94283)*-4*(-1 - 2)?
13469
Let q(t) = -2*t**3 - 14*t + 10. Let a(v) = 3*v**3 + v**2 + 27*v - 21. Let r(h) = -3*a(h) - 5*q(h). What are the prime factors of r(6)?
5, 11
Let f be 37*((-4 - -3)*-1 - 2). Let k = 52 + f. List the prime factors of 1836/k - 8/20.
2, 61
Suppose -o + 6*r + 11 = 3*r, -2*o - 18 = 2*r. Let c be o/3 + (-80)/30. List the prime factors of (c - -4)/4 - -154.
2, 7, 11
Let d(r) = -421*r + 35. Let s be d(3). Let w = -832 - s. What are the prime factors of w?
2, 3, 11
Let d be -12 + 16 + (1 - 5). Suppose d = 4*k - 12, -3*k - 167 = h - 5*h. List the prime factors of ((1 - 0) + h*2)/1.
89
Let r(j) be the third derivative of 0*j + 12*j**2 - 11/24*j**4 + 11/6*j**3 + 0. What are the prime factors of r(-5)?
2, 3, 11
List the prime factors of (-1)/(-6) + 13722190/444.
2, 3, 17, 101
Let i be (12 - -3)/(5/((-30)/(-9))). Let w be (i - 7) + 0*(-1)/2. Suppose -4*o = -2*b + 538, -w*b = 8*o - 3*o - 774. List the prime factors of b.
263
Let x = -108 + 110. Suppose -708 = -f + 3*v, x*f + v - 521 = 923. List the prime factors of f.
2, 3, 5
Suppose -4*a = -4*g + 47580, 0 = 28*g - 29*g + 4*a + 11907. What are the prime factors of g?
11, 23, 47
Suppose -3*f + 14 = -4*b - 9, -2*b - 16 = -2*f. Let p(h) = -h**3 + 12*h**2 + 8*h - 10. List the prime factors of p(f).
5, 61
Suppose -2*t + 4*s + 26156 = 0, 3*t + 4*s - 42748 = -3484. List the prime factors of t.
2, 3271
Let c = 209 - 1059. Let o = c - -1191. List the prime factors of o.
11, 31
List the prime factors of (-25)/10*(-2)/(-5)*797*-4.
2, 797
Let v(p) = -9472*p + 1316. What are the prime factors of v(-1)?
2, 3, 29, 31
What are the prime factors of -6 - 5 - 996728/(-23)?
5, 1733
Let d(u) = u**3 + 6*u**2 + 6*u + 7. Suppose 2*k + 24 = -4*p, 5*k + 2 = 4*p - 2. Let g be (p + -1)/(-5) + (-1 - 4). List the prime factors of d(g).
3, 5
Suppose -4*l = 5*g - g - 12, -3*g + 14 = 4*l. Suppose -p - 4*c = -7*c - 615, -l*p = -4*c - 3053. Suppose -3*z - 4*z = -p. What are the prime factors of z?
3, 29
Let k = 220 + -238. Let g(z) = 11*z + 245. List the prime factors of g(k).
47
Let n = 3125 + -2018. Suppose -g + 2 = -3*g, n = 3*d - 3*g. What are the prime factors of d?
2, 23
Let w = 2336 - 442. What are the prime factors of w?
2, 947
Suppose 0 = -4*x - 3*o + 22597, 4*x - 4*o - 19516 - 3116 = 0. What are the prime factors of x?
5653
Let s = -1851 + 5988. List the prime factors of s.
3, 7, 197
Suppose 2*l + 4*c = 3*l - 5602, 5*c - 5647 = -l. List the prime factors of l.
2, 3, 937
Suppose 0 = 9*w + 798 + 5016. Let v = -46 - w. What are the prime factors of v?
2, 3, 5
Suppose -116*b = -119*b. What are the prime factors of 2 + (-422)/(-1) + (b - 3)?
421
Let i = -12003 + 12136. What are the prime factors of i?
7, 19
Let v = -17557 + 35466. What are the prime factors of v?
17909
Let s = 3 - 0. Suppose -1364 = -4*v - 4*d, -s*v + 1017 = -2*d + 7*d. What are the prime factors of v?
2, 43
Let q = -155 + 162. Suppose 0 = -2*w + 3 - 9, -4*i = -2*w - 902. Suppose -q*j = -3*j - i. List the prime factors of j.
2, 7
List the prime factors of 1367873/260 - (-1)/(-20).
5261
Suppose 2*s = 20 + 128. Let t = s + 158. List the prime factors of t.
2, 29
Let l(f) = f**2 + 15*f + 35. Suppose 3*z - 2*u = 40, -u - 50 = -2*z - 25. What are the prime factors of l(z)?
3, 5, 19
Suppose -3*z - 3*y - 1 = 5, -2 = -5*z - y. Let l be z/(-3)*(8 - -1) - -39. Suppose 0*v + 2*v = l. List the prime factors of v.
2, 3
Let r be ((-1)/2)/(4 + 147/(-36)). Let o(q) = 8*q + q - 2*q - 18. What are the prime factors of o(r)?
2, 3
Suppose -2096*i - 20778 = -2102*i. What are the prime factors of i?
3463
Suppose d - 3*d - 3*n = -344, -2*d + 346 = 4*n. Suppose -3*q - 2*g + 8 = 0, 0*q - 5*g + 6 = 4*q. Suppose q*a - 51 - d = 0. What are the prime factors of a?
5, 11
Let c be (1/2)/((-38)/(-380)). Suppose 2*t - 2*n = t + 204, c*t - 4*n = 1026. What are the prime factors of t?
2, 103
Let n = -32405 - -73187. List the prime factors of n.
2, 3, 7, 971
Suppose 23329 = -17*l + 2691. Let g = -523 - l. List the prime factors of g.
691
Let c = 11 - 7. Let g(f) = f - 10. Let n be g(19). Suppose i = -c + n. What are the prime factors of i?
5
Suppose 2*x = -0*x - 5*i + 17899, 3*i = -x + 8946. List the prime factors of x.
3, 7, 61
Let r be 9/15 - 2662/(-5). Let g = 1075 - r. What are the prime factors of g?
2, 271
Let o(a) = a**2 - 12*a + 4. Let v be o(12). Suppose u = -3*q + q + 2370, 0 = -4*q + v*u + 4728. What are the prime factors of q?
2, 37
Let p(x) = -17*x**3 - 4*x**2 + 23*x + 11. Let v(m) = -8*m**3 - 2*m**2 + 11*m + 5. Let w(a) = 6*p(a) - 13*v(a). What are the prime factors of w(4)?
3, 47
Let t = -183 - -200. Suppose 9*p + 464 = t*p. List the prime factors of p.
2, 29
Let v be 6/18*(1 + 3161). Suppose -2*c - 136 + v = 0. List the prime factors of c.
3, 17
Suppose 2*l - 1020 = 4*i, 2*l - 3*i - 1011 = -2*i. Let o = -154 + l. What are the prime factors of o?
2, 5, 7
Suppose n - 3*m - 2510 = 0, 16*n = 13*n - m + 7500. Let o = 3583 - n. List the prime factors of o.
2, 541
Suppose -f = -3*s - 10, -2*f - 3*s - 2*s = 13. Let y be -23 + 29 - f*-1. Suppose 0 = -4*b + y*b - 186. What are the prime factors of b?
2, 31
Let l(r) = -89*r**3 + r**2 + r. Let f be l(1). Suppose -y = -4*y - 654. Let c = f - y. What are the prime factors of c?
131
Let h be (-5)/(220/(-8)) + 34184/22. What are the prime factors of h/9*(-11 - -17 - 3)?
2, 7, 37
List the prime factors of 2/(-20) + 4068990/900.
3, 11, 137
Let n = -4639 - -8855. What are the prime factors of n?
2, 17, 31
What are the prime factors of (7 - 11)*-1202*(-82)/(-8)?
2, 41, 601
Suppose -1328346 = -16*p + 10*p - 21*p. What are the prime factors of p?
2, 17, 1447
Let u = -498 + 1024. Suppose 5*o - 1650 = -4*d - u, -4*o = -d - 916. List the prime factors of o.
2, 3, 19
List the prime factors of (1178/(-57))/((10/930)/